ctors of s.
2
Suppose -5*x - 7 = -2*n, -3*x + 3 - 8 = -2*n. Suppose -2*k + 5 - n = 0. Suppose 5*t - 20 = -5*h - 0*t, 0 = 5*h - k*t - 41. What are the prime factors of h?
7
Suppose -4*y + 30 = 10, 5*y = 3*z - 2. Let u = 1 + 0. What are the prime factors of 4/((6/z)/u)?
2, 3
Suppose 5*v - s + 30 = 0, -3*v + 5*s + 0*s - 40 = 0. Let k(d) = -4*d - 4 + 1 + 2 - 3. What are the prime factors of k(v)?
2
Suppose -12 - 8 = -5*n. Suppose -37 = 4*l - 7*l - 2*j, -n*l + 48 = 2*j. Suppose -3 - l = -2*u. What are the prime factors of u?
7
Suppose -4*p = p - 145. Suppose 11 = 4*u - p. What are the prime factors of u?
2, 5
Suppose -15 = -3*j + 12. Suppose -j = 3*g - 42. List the prime factors of g.
11
Let x be (-38)/(-10) + (-3)/(-15). Suppose 54 = -2*j + 7*j + x*h, 0 = -5*h + 5. What are the prime factors of j?
2, 5
Let i be 13 + (3 - 0) + -4. Let f = i + -3. What are the prime factors of f?
3
Let x(b) = 26*b**2 + b - 2. List the prime factors of x(1).
5
Let i(f) = -f**3 - 4*f**2 - f + 4. Let c be i(-5). Suppose 4*v + 74 = 2*j - c, -j + 80 = -3*v. Let l = -13 - v. List the prime factors of l.
13
Suppose -150 = -3*j - 5*q - 0*q, j = -5*q + 40. What are the prime factors of j?
5, 11
Let o(q) = 0 + 6 - 3*q + 0*q. Let c be o(4). What are the prime factors of 13 - -3*4/c?
11
Let c(f) be the third derivative of f**4/24 - 2*f**3/3 + 4*f**2. Let m be c(6). Suppose m = -x + 5. List the prime factors of x.
3
Let g = -34 - -74. Suppose -w - w = -g. List the prime factors of w.
2, 5
Let s = 8 - 8. Suppose s = -5*z + 4*m + m - 20, -12 = 2*z + 2*m. Let a = z + 22. What are the prime factors of a?
17
Let h(f) = f**3 - 5*f**2 + f + 2. Suppose 0*g + 12 = 3*g. Let s be h(g). Let z = s + 22. What are the prime factors of z?
2, 3
Suppose -2*n + 3*n = 5. Let t = -15 - -16. Let x = t + n. List the prime factors of x.
2, 3
Suppose h + 2 = 10. Let b be (-224)/(-12)*18/h. Suppose -2*k + 2*n = -8, 5*k - b = n - 2. List the prime factors of k.
3
Let u = -22 + 28. Suppose 5*l = 2*q - u, -5*q - 2*l + 77 = l. What are the prime factors of q?
13
Suppose 4 = -2*z, -r + 5*r - 18 = -5*z. Let u = r - 5. Suppose -2*n + n = u*d - 3, 0 = -n - 5*d - 6. List the prime factors of n.
3
Let u(k) = 3*k + 28. What are the prime factors of u(8)?
2, 13
Suppose -y - 1 = 9. Let m(f) = f**3 + 9*f**2 - 12*f - 4. What are the prime factors of m(y)?
2
Let c(u) = 3*u**2 + u + 7. What are the prime factors of c(4)?
59
Let s(h) = -45*h. Let q be s(-1). Let m = -28 + q. List the prime factors of m.
17
Suppose -4*w + 3*n = -113, -5*w + n + 93 = -40. List the prime factors of w.
2, 13
Suppose -8*b + 6*b = -254. List the prime factors of b.
127
Let n be (-21)/12 + 2/(-8). Let j be (n/(-6))/((-2)/(-12)). List the prime factors of 13/j - 2/(-4).
7
Let g = -18 + 36. What are the prime factors of g?
2, 3
Let t(x) = -x**3 - 3*x**2 + 5*x - 1. Let k be (-3 - (-44)/8)*-2. What are the prime factors of t(k)?
2, 3
Let w(a) = 7*a**2 - a - 4. What are the prime factors of w(3)?
2, 7
Let n = -8 - -10. List the prime factors of n.
2
Suppose 4*d - 15 = -d. Suppose d*l + l = 20. Suppose 0 = b + 2*b - l*w - 4, 3*w = 3. What are the prime factors of b?
3
Suppose -4*k - 493 = -3*h, 3*h + k = 163 + 340. List the prime factors of h.
167
Let j = -22 + 12. List the prime factors of ((-28)/j)/(7/35).
2, 7
What are the prime factors of (2/3)/(2/114)?
2, 19
Let d(o) = o - 2. Let h be d(4). Let r(s) = 4*s - 6 - 2*s**2 + 3 + 3*s**2 + 3*s**h. List the prime factors of r(2).
3, 7
Let z be 4/(-2) + 24/(-1). Let h = -18 - z. List the prime factors of h.
2
Let p be (-2 - -3)*(49 + 1). Suppose -3*a + 14 = -7. Suppose -3*z + a = -p. What are the prime factors of z?
19
Suppose 0 = -c - 4, 10 = -5*n - 7*c + 2*c. Let x(w) = 6*w**3 - 4*w**2 + 2*w + 2. List the prime factors of x(n).
2, 19
Let w be 1/(-1 + (-6)/(-4)). Suppose -2*q - w*u = -14, -2*u + 0*u + 26 = 4*q. What are the prime factors of (-2)/(-4) + 39/q?
7
Let k(c) = -c**3 - 10*c**2 + c + 7. What are the prime factors of k(-11)?
3, 13
Suppose 5*h - 7 = -5*l + 38, 3*h - 24 = -2*l. Suppose 0 = -2*g + 12 + h. What are the prime factors of g?
3
Let s be -1 + 4 - (-50 + -2). Let k = 96 - s. What are the prime factors of k?
41
Let k = 165 - 117. Suppose r = 5*w - 9 - 2, -2*r - 4*w = -k. What are the prime factors of r?
2, 7
Let b(h) = -4*h**3 + h**2 + h - 3. What are the prime factors of b(-2)?
31
Suppose 5*q = 5*d + 1 - 11, 3*q = 5*d - 10. Suppose q = 3*c - 0*c - 6. Let t = c - -4. List the prime factors of t.
2, 3
Suppose -2*l + 5 = v - 8, 4*v + 3 = 3*l. Suppose -2*b = v*i - 19, 2*b + 3*b - i - 5 = 0. List the prime factors of b.
2
Suppose 4*i + 4*s - 68 = -0*s, 3*i + s - 49 = 0. Suppose -3*a + i = -8. What are the prime factors of a?
2
Let b(l) be the first derivative of l**5/60 - l**4/4 - l**3/3 - 2. Let w(g) be the third derivative of b(g). What are the prime factors of w(4)?
2
Let n(u) = u**3 + 4*u**2 + 6*u - 7. List the prime factors of n(4).
5, 29
Let d(s) = -s**2 + 12*s + 10. What are the prime factors of d(9)?
37
Suppose 2*i + 214 = -4*h + 8*h, -h = -3*i - 46. What are the prime factors of h?
5, 11
Let h(n) = n**3 + 4*n**2 - 5*n. Let p be h(-5). Suppose i + 2*i + w + 8 = p, 0 = -5*i + 4*w - 36. What are the prime factors of 22/i*(1 + -3)?
11
Suppose 0 = -2*z + h + 12, -3*h - 10 - 2 = 0. List the prime factors of 10 + (0 - z) + 2.
2
Let x be 28/(-12) - 2/(-6). Let d(f) = -10*f - 5. List the prime factors of d(x).
3, 5
Let q be 15/(-9)*(0 - 3). Suppose 0 = 4*h + 12, q*h - 10 = -3*l - 2*l. Suppose -k + l = -7. List the prime factors of k.
2, 3
Let j(z) = 9*z + 23. Let f(g) = -g - 3. Let d(o) = -51*f(o) - 6*j(o). List the prime factors of d(-10).
3, 5
Let i = 10 - -5. Suppose 4*f = i + 37. What are the prime factors of f?
13
Let c be 4 - (-2 - (1 - 2)). Let o(b) = b**2 + 2*b + 1. Let t be o(c). Suppose t = w + 2*w. List the prime factors of w.
2, 3
Let p = 385 - 265. Suppose p = -5*w + 20. Let t = -9 - w. List the prime factors of t.
11
Let u be 3/2 + (-3)/(-6). Suppose 0 = u*a + 2*a - 5*m - 53, 0 = 4*a - m - 65. What are the prime factors of a?
17
Let i = -25 + 66. What are the prime factors of i?
41
Let u(t) = -t**3 + 12*t**2 - 10*t + 4. Let n be u(11). Suppose 0 = -5*w - 2*r + 52, w + 0*w = -5*r + n. List the prime factors of w.
2, 5
Suppose -s + 1 = 0, 4*k + k - 4*s - 56 = 0. List the prime factors of k.
2, 3
Let w(c) = -5*c. Let y be w(-2). Let f = y + -7. What are the prime factors of ((f - 6) + 8)*2?
2, 5
Let h be (-8)/(-28) - 90/21. Let d = 16 + h. What are the prime factors of d?
2, 3
Suppose 3*j = -0*j - 5*k + 71, k - 25 = -j. What are the prime factors of j?
3
Suppose 2*u = -u + 36. List the prime factors of u.
2, 3
Let b(y) = -2*y - 16. What are the prime factors of b(-14)?
2, 3
Suppose 0*g + 4*v = 5*g - 242, -3*g + 2*v + 146 = 0. What are the prime factors of g?
2, 5
Suppose -3*d = -d - 28. What are the prime factors of d?
2, 7
Suppose g - 2*g = -4. Suppose -g = z + 3. Let n(c) = -c**3 - 8*c**2 - 8*c + 8. What are the prime factors of n(z)?
3, 5
Suppose 0 = s + c - 12, -s - 4*c + 6 = -15. Suppose -2*b + 9 + s = 0. What are the prime factors of b?
3
Let j = -18 + 33. Suppose -5 = i - 2, -i = -u + j. What are the prime factors of u?
2, 3
Suppose h - 10 = -h. Suppose 0 = 3*m + h*z + 25, -m + 2*z - 5*z = 15. Suppose m = 3*x - 6. What are the prime factors of x?
2
Suppose 0 = s + 22 - 0. Let w = -11 - s. What are the prime factors of w?
11
List the prime factors of 376/10 - (-3)/(120/16).
2, 19
Suppose 3*g + 11 = -4*p, -2*p = 2*g - 0*g + 10. Let a = -6 - g. List the prime factors of 170/(-15)*a/(-2).
17
Let h(s) = s + 13. List the prime factors of h(-10).
3
Suppose 9 = 3*a - c - 2*c, -2*a - 2*c = -22. What are the prime factors of a?
7
Let b = 40 + -92. Let f(o) = 2*o**3 + o**2 - o - 2. Let c be f(-2). List the prime factors of b/c - (-1)/(-3).
2
Let h(c) = -c**2 - 2*c + 55. List the prime factors of h(0).
5, 11
Let d(c) = 10*c**2 + 5*c + 14. What are the prime factors of d(-5)?
239
Let x be (-4)/4 - (13 - 0). What are the prime factors of (1 - -1)*(-21)/x?
3
Let y(d) = d + 13. Suppose 1 - 7 = 3*i. Let x be i/(2 - 0) - 8. List the prime factors of y(x).
2
What are the prime factors of (-296)/(-6) + (-6)/(-9)?
2, 5
Suppose 51*x - 56*x + 80 = 0. What are the prime factors of x?
2
Suppose z